{"id":5999,"date":"2021-07-11T22:00:34","date_gmt":"2021-07-11T22:00:34","guid":{"rendered":"https:\/\/www.amigbrasil.org.br\/?post_type=tribe_events&#038;p=5999"},"modified":"2021-07-11T22:01:49","modified_gmt":"2021-07-11T22:01:49","slug":"imigracao-alema-para-sao-paulo-e-suas-pesquisas-genealogicas","status":"publish","type":"tribe_events","link":"https:\/\/www.amigbrasil.org.br\/de_DE\/event\/imigracao-alema-para-sao-paulo-e-suas-pesquisas-genealogicas\/","title":{"rendered":"Imigra\u00e7\u00e3o Alem\u00e3 para S\u00e3o Paulo e suas pesquisas geneal\u00f3gicas"},"content":{"rendered":"","protected":false},"excerpt":{"rendered":"","protected":false},"author":1,"featured_media":0,"comment_status":"open","ping_status":"closed","template":"","meta":[],"tags":[],"tribe_events_cat":[],"_links":{"self":[{"href":"https:\/\/www.amigbrasil.org.br\/de_DE\/wp-json\/wp\/v2\/tribe_events\/5999"}],"collection":[{"href":"https:\/\/www.amigbrasil.org.br\/de_DE\/wp-json\/wp\/v2\/tribe_events"}],"about":[{"href":"https:\/\/www.amigbrasil.org.br\/de_DE\/wp-json\/wp\/v2\/types\/tribe_events"}],"author":[{"embeddable":true,"href":"https:\/\/www.amigbrasil.org.br\/de_DE\/wp-json\/wp\/v2\/users\/1"}],"replies":[{"embeddable":true,"href":"https:\/\/www.amigbrasil.org.br\/de_DE\/wp-json\/wp\/v2\/comments?post=5999"}],"version-history":[{"count":1,"href":"https:\/\/www.amigbrasil.org.br\/de_DE\/wp-json\/wp\/v2\/tribe_events\/5999\/revisions"}],"predecessor-version":[{"id":6001,"href":"https:\/\/www.amigbrasil.org.br\/de_DE\/wp-json\/wp\/v2\/tribe_events\/5999\/revisions\/6001"}],"wp:attachment":[{"href":"https:\/\/www.amigbrasil.org.br\/de_DE\/wp-json\/wp\/v2\/media?parent=5999"}],"wp:term":[{"taxonomy":"post_tag","embeddable":true,"href":"https:\/\/www.amigbrasil.org.br\/de_DE\/wp-json\/wp\/v2\/tags?post=5999"},{"taxonomy":"tribe_events_cat","embeddable":true,"href":"https:\/\/www.amigbrasil.org.br\/de_DE\/wp-json\/wp\/v2\/tribe_events_cat?post=5999"}],"curies":[{"name":"wp","href":"https:\/\/api.w.org\/{rel}","templated":true}]}}

Imigração Alemã para São Paulo e suas pesquisas genealógicas
