{"id":6020,"date":"2021-07-17T15:02:29","date_gmt":"2021-07-17T15:02:29","guid":{"rendered":"https:\/\/www.amigbrasil.org.br\/?post_type=tribe_events&#038;p=6020"},"modified":"2021-07-17T15:04:42","modified_gmt":"2021-07-17T15:04:42","slug":"o-congresso-nacional-da-feccab-esta-aberto-a-todos-os-interessados-em-cultura-alema","status":"publish","type":"tribe_events","link":"https:\/\/www.amigbrasil.org.br\/de_DE\/event\/o-congresso-nacional-da-feccab-esta-aberto-a-todos-os-interessados-em-cultura-alema\/","title":{"rendered":"O Congresso Nacional da FECCAB est\u00e1 aberto a todos os interessados em cultura alem\u00e3"},"content":{"rendered":"<p>O Congresso Nacional da FECCAB est\u00e1 aberto a todos os interessados em cultura alem\u00e3, gratuitamente e com certificado de participa\u00e7\u00e3o. Esteja conosco nestes tr\u00eas dias de bons momentos: 30.07., 31.07. e 01.08.2021, online. <a href=\"http:\/\/www.culturaalema.com.br\/congresso\" target=\"_blank\" rel=\"noopener noreferrer\">www.culturaalema.com.br\/congresso<\/a> . Fa\u00e7a sua inscri\u00e7\u00e3o no formul\u00e1rio:<a href=\"https:\/\/forms.gle\/L3fKyinY3iWWZYfK7\" target=\"_blank\" rel=\"noopener noreferrer\"> https:\/\/forms.gle\/L3fKyinY3iWWZYfK7<\/a><\/p>\n","protected":false},"excerpt":{"rendered":"<p>O Congresso Nacional da FECCAB est\u00e1 aberto a todos os interessados em cultura alem\u00e3, gratuitamente e com certificado de participa\u00e7\u00e3o. Esteja conosco nestes tr\u00eas dias de<span class=\"excerpt-hellip\"> [\u2026]<\/span><\/p>\n","protected":false},"author":1,"featured_media":6018,"comment_status":"open","ping_status":"closed","template":"","meta":[],"tags":[],"tribe_events_cat":[],"_links":{"self":[{"href":"https:\/\/www.amigbrasil.org.br\/de_DE\/wp-json\/wp\/v2\/tribe_events\/6020"}],"collection":[{"href":"https:\/\/www.amigbrasil.org.br\/de_DE\/wp-json\/wp\/v2\/tribe_events"}],"about":[{"href":"https:\/\/www.amigbrasil.org.br\/de_DE\/wp-json\/wp\/v2\/types\/tribe_events"}],"author":[{"embeddable":true,"href":"https:\/\/www.amigbrasil.org.br\/de_DE\/wp-json\/wp\/v2\/users\/1"}],"replies":[{"embeddable":true,"href":"https:\/\/www.amigbrasil.org.br\/de_DE\/wp-json\/wp\/v2\/comments?post=6020"}],"version-history":[{"count":3,"href":"https:\/\/www.amigbrasil.org.br\/de_DE\/wp-json\/wp\/v2\/tribe_events\/6020\/revisions"}],"predecessor-version":[{"id":6023,"href":"https:\/\/www.amigbrasil.org.br\/de_DE\/wp-json\/wp\/v2\/tribe_events\/6020\/revisions\/6023"}],"wp:featuredmedia":[{"embeddable":true,"href":"https:\/\/www.amigbrasil.org.br\/de_DE\/wp-json\/wp\/v2\/media\/6018"}],"wp:attachment":[{"href":"https:\/\/www.amigbrasil.org.br\/de_DE\/wp-json\/wp\/v2\/media?parent=6020"}],"wp:term":[{"taxonomy":"post_tag","embeddable":true,"href":"https:\/\/www.amigbrasil.org.br\/de_DE\/wp-json\/wp\/v2\/tags?post=6020"},{"taxonomy":"tribe_events_cat","embeddable":true,"href":"https:\/\/www.amigbrasil.org.br\/de_DE\/wp-json\/wp\/v2\/tribe_events_cat?post=6020"}],"curies":[{"name":"wp","href":"https:\/\/api.w.org\/{rel}","templated":true}]}}

O Congresso Nacional da FECCAB está aberto a todos os interessados em cultura alemã

<p>O Congresso Nacional da FECCAB está aberto a todos os interessados em cultura alemã, gratuitamente e com certificado de participação. Esteja conosco nestes três dias de bons momentos: 30.07., 31.07. e 01.08.2021, online. <a href="http://www.culturaalema.com.br/congresso" target="_blank" rel="noopener noreferrer">www.culturaalema.com.br/congresso</a> . Faça sua inscrição no formulário:<a href="https://forms.gle/L3fKyinY3iWWZYfK7" target="_blank" rel="noopener noreferrer"> https://forms.gle/L3fKyinY3iWWZYfK7</a></p>

<p>O Congresso Nacional da FECCAB está aberto a todos os interessados em cultura alemã, gratuitamente e com certificado de participação. Esteja conosco nestes três dias de<span class="excerpt-hellip"> […]</span></p>
