{"id":6026,"date":"2021-07-26T12:12:07","date_gmt":"2021-07-26T12:12:07","guid":{"rendered":"https:\/\/www.amigbrasil.org.br\/?post_type=tribe_events&#038;p=6026"},"modified":"2021-07-26T12:12:07","modified_gmt":"2021-07-26T12:12:07","slug":"congresso-nacional-da-feccab-2021","status":"publish","type":"tribe_events","link":"https:\/\/www.amigbrasil.org.br\/de_DE\/event\/congresso-nacional-da-feccab-2021\/","title":{"rendered":"Congresso Nacional da FECCAB 2021"},"content":{"rendered":"<p>Programa\u00e7\u00e3o e inscri\u00e7\u00e3o gratuita at\u00e9 25\/07 em https:\/\/www.culturaalema.com.br\/congresso<\/p>\n","protected":false},"excerpt":{"rendered":"<p>Programa\u00e7\u00e3o e inscri\u00e7\u00e3o gratuita at\u00e9 25\/07 em https:\/\/www.culturaalema.com.br\/congresso<\/p>\n","protected":false},"author":1,"featured_media":6027,"comment_status":"open","ping_status":"closed","template":"","meta":[],"tags":[],"tribe_events_cat":[],"_links":{"self":[{"href":"https:\/\/www.amigbrasil.org.br\/de_DE\/wp-json\/wp\/v2\/tribe_events\/6026"}],"collection":[{"href":"https:\/\/www.amigbrasil.org.br\/de_DE\/wp-json\/wp\/v2\/tribe_events"}],"about":[{"href":"https:\/\/www.amigbrasil.org.br\/de_DE\/wp-json\/wp\/v2\/types\/tribe_events"}],"author":[{"embeddable":true,"href":"https:\/\/www.amigbrasil.org.br\/de_DE\/wp-json\/wp\/v2\/users\/1"}],"replies":[{"embeddable":true,"href":"https:\/\/www.amigbrasil.org.br\/de_DE\/wp-json\/wp\/v2\/comments?post=6026"}],"version-history":[{"count":1,"href":"https:\/\/www.amigbrasil.org.br\/de_DE\/wp-json\/wp\/v2\/tribe_events\/6026\/revisions"}],"predecessor-version":[{"id":6028,"href":"https:\/\/www.amigbrasil.org.br\/de_DE\/wp-json\/wp\/v2\/tribe_events\/6026\/revisions\/6028"}],"wp:featuredmedia":[{"embeddable":true,"href":"https:\/\/www.amigbrasil.org.br\/de_DE\/wp-json\/wp\/v2\/media\/6027"}],"wp:attachment":[{"href":"https:\/\/www.amigbrasil.org.br\/de_DE\/wp-json\/wp\/v2\/media?parent=6026"}],"wp:term":[{"taxonomy":"post_tag","embeddable":true,"href":"https:\/\/www.amigbrasil.org.br\/de_DE\/wp-json\/wp\/v2\/tags?post=6026"},{"taxonomy":"tribe_events_cat","embeddable":true,"href":"https:\/\/www.amigbrasil.org.br\/de_DE\/wp-json\/wp\/v2\/tribe_events_cat?post=6026"}],"curies":[{"name":"wp","href":"https:\/\/api.w.org\/{rel}","templated":true}]}}

<p>Programação e inscrição gratuita até 25/07 em https://www.culturaalema.com.br/congresso</p>
