{"id":6042,"date":"2022-06-30T00:04:11","date_gmt":"2022-06-30T00:04:11","guid":{"rendered":"https:\/\/www.amigbrasil.org.br\/?post_type=tribe_events&#038;p=6042"},"modified":"2022-06-30T00:04:11","modified_gmt":"2022-06-30T00:04:11","slug":"caal-2022-xix-encontro-das-comunidades-alemas-da-america-latina","status":"publish","type":"tribe_events","link":"https:\/\/www.amigbrasil.org.br\/de_DE\/event\/caal-2022-xix-encontro-das-comunidades-alemas-da-america-latina\/","title":{"rendered":"CAAL 2022 XIX ENCONTRO DAS COMUNIDADES ALEM\u00c3S DA AM\u00c9RICA LATINA"},"content":{"rendered":"<p>Dias 30\/6, 01\/07 e 02\/07, \u00e0s 18h<br \/>\n(hor\u00e1rio de Brasil\u00eda)<\/p>\n<!-- WP Attachments -->\r\n        <div style=\"width:100%;margin:10px 0 10px 0;\">\r\n            <h3>Anexos<\/h3>\r\n        <ul class=\"post-attachments\"><li class=\"post-attachment mime-application-pdf\"><a href=\"https:\/\/www.amigbrasil.org.br\/wp-content\/uploads\/2022\/06\/CAAL-2022-programacao.pdf\">CAAL 2022 - programacao<\/a> <small>(874 kB)<\/small><\/li><\/ul><\/div>","protected":false},"excerpt":{"rendered":"<p>Dias 30\/6, 01\/07 e 02\/07, \u00e0s 18h (hor\u00e1rio de Brasil\u00eda) Anexos CAAL 2022 &#8211; programacao (874 kB)<\/p>\n","protected":false},"author":1,"featured_media":6043,"comment_status":"open","ping_status":"closed","template":"","meta":[],"tags":[],"tribe_events_cat":[],"_links":{"self":[{"href":"https:\/\/www.amigbrasil.org.br\/de_DE\/wp-json\/wp\/v2\/tribe_events\/6042"}],"collection":[{"href":"https:\/\/www.amigbrasil.org.br\/de_DE\/wp-json\/wp\/v2\/tribe_events"}],"about":[{"href":"https:\/\/www.amigbrasil.org.br\/de_DE\/wp-json\/wp\/v2\/types\/tribe_events"}],"author":[{"embeddable":true,"href":"https:\/\/www.amigbrasil.org.br\/de_DE\/wp-json\/wp\/v2\/users\/1"}],"replies":[{"embeddable":true,"href":"https:\/\/www.amigbrasil.org.br\/de_DE\/wp-json\/wp\/v2\/comments?post=6042"}],"version-history":[{"count":2,"href":"https:\/\/www.amigbrasil.org.br\/de_DE\/wp-json\/wp\/v2\/tribe_events\/6042\/revisions"}],"predecessor-version":[{"id":6046,"href":"https:\/\/www.amigbrasil.org.br\/de_DE\/wp-json\/wp\/v2\/tribe_events\/6042\/revisions\/6046"}],"wp:featuredmedia":[{"embeddable":true,"href":"https:\/\/www.amigbrasil.org.br\/de_DE\/wp-json\/wp\/v2\/media\/6043"}],"wp:attachment":[{"href":"https:\/\/www.amigbrasil.org.br\/de_DE\/wp-json\/wp\/v2\/media?parent=6042"}],"wp:term":[{"taxonomy":"post_tag","embeddable":true,"href":"https:\/\/www.amigbrasil.org.br\/de_DE\/wp-json\/wp\/v2\/tags?post=6042"},{"taxonomy":"tribe_events_cat","embeddable":true,"href":"https:\/\/www.amigbrasil.org.br\/de_DE\/wp-json\/wp\/v2\/tribe_events_cat?post=6042"}],"curies":[{"name":"wp","href":"https:\/\/api.w.org\/{rel}","templated":true}]}}

CAAL 2022 XIX ENCONTRO DAS COMUNIDADES ALEMÃS DA AMÉRICA LATINA

<p>Dias 30/6, 01/07 e 02/07, às 18h<br />
(horário de Brasilía)</p>
<!-- WP Attachments -->
        <div style="width:100%;margin:10px 0 10px 0;">
            <h3>Anexos</h3>
        <ul class="post-attachments"><li class="post-attachment mime-application-pdf"><a href="https://www.amigbrasil.org.br/wp-content/uploads/2022/06/CAAL-2022-programacao.pdf">CAAL 2022 - programacao</a> <small>(874 kB)</small></li></ul></div>

<p>Dias 30/6, 01/07 e 02/07, às 18h (horário de Brasilía) Anexos CAAL 2022 &#8211; programacao (874 kB)</p>
