{"id":6076,"date":"2024-01-08T18:44:10","date_gmt":"2024-01-08T18:44:10","guid":{"rendered":"https:\/\/www.amigbrasil.org.br\/?post_type=tribe_events&#038;p=6076"},"modified":"2024-07-18T23:24:08","modified_gmt":"2024-07-18T23:24:08","slug":"grupo-sinos-apresenta-projetos-em-comemoracao-ao-bicentenario-da-imigracao-alema","status":"publish","type":"tribe_events","link":"https:\/\/www.amigbrasil.org.br\/de_DE\/event\/grupo-sinos-apresenta-projetos-em-comemoracao-ao-bicentenario-da-imigracao-alema\/","title":{"rendered":"GRUPO SINOS APRESENTA PROJETOS EM COMEMORA\u00c7\u00c3O AO BICENTEN\u00c1RIO DA IMIGRA\u00c7\u00c3O ALEM\u00c3"},"content":{"rendered":"<!-- WP Attachments -->\r\n        <div style=\"width:100%;margin:10px 0 10px 0;\">\r\n            <h3>Anexos<\/h3>\r\n        <ul class=\"post-attachments\"><li class=\"post-attachment mime-application-pdf\"><a href=\"https:\/\/www.amigbrasil.org.br\/wp-content\/uploads\/2024\/01\/GRUPO-SINOS-APRESENTA-PROJETOS-EM-COMEMORACAO-AO-BICENTENARIO-DA-IMIGRACAO-ALEMA.pdf\">GRUPO SINOS APRESENTA PROJETOS EM COMEMORA\u00c7\u00c3O AO BICENTEN\u00c1RIO DA IMIGRA\u00c7\u00c3O ALEM\u00c3<\/a> <small>(225 kB)<\/small><\/li><\/ul><\/div>","protected":false},"excerpt":{"rendered":"<p>Anexos GRUPO SINOS APRESENTA PROJETOS EM COMEMORA\u00c7\u00c3O AO BICENTEN\u00c1RIO DA IMIGRA\u00c7\u00c3O ALEM\u00c3 (225 kB)<\/p>\n","protected":false},"author":1,"featured_media":6077,"comment_status":"open","ping_status":"closed","template":"","meta":[],"tags":[],"tribe_events_cat":[],"_links":{"self":[{"href":"https:\/\/www.amigbrasil.org.br\/de_DE\/wp-json\/wp\/v2\/tribe_events\/6076"}],"collection":[{"href":"https:\/\/www.amigbrasil.org.br\/de_DE\/wp-json\/wp\/v2\/tribe_events"}],"about":[{"href":"https:\/\/www.amigbrasil.org.br\/de_DE\/wp-json\/wp\/v2\/types\/tribe_events"}],"author":[{"embeddable":true,"href":"https:\/\/www.amigbrasil.org.br\/de_DE\/wp-json\/wp\/v2\/users\/1"}],"replies":[{"embeddable":true,"href":"https:\/\/www.amigbrasil.org.br\/de_DE\/wp-json\/wp\/v2\/comments?post=6076"}],"version-history":[{"count":1,"href":"https:\/\/www.amigbrasil.org.br\/de_DE\/wp-json\/wp\/v2\/tribe_events\/6076\/revisions"}],"predecessor-version":[{"id":6078,"href":"https:\/\/www.amigbrasil.org.br\/de_DE\/wp-json\/wp\/v2\/tribe_events\/6076\/revisions\/6078"}],"wp:featuredmedia":[{"embeddable":true,"href":"https:\/\/www.amigbrasil.org.br\/de_DE\/wp-json\/wp\/v2\/media\/6077"}],"wp:attachment":[{"href":"https:\/\/www.amigbrasil.org.br\/de_DE\/wp-json\/wp\/v2\/media?parent=6076"}],"wp:term":[{"taxonomy":"post_tag","embeddable":true,"href":"https:\/\/www.amigbrasil.org.br\/de_DE\/wp-json\/wp\/v2\/tags?post=6076"},{"taxonomy":"tribe_events_cat","embeddable":true,"href":"https:\/\/www.amigbrasil.org.br\/de_DE\/wp-json\/wp\/v2\/tribe_events_cat?post=6076"}],"curies":[{"name":"wp","href":"https:\/\/api.w.org\/{rel}","templated":true}]}}

GRUPO SINOS APRESENTA PROJETOS EM COMEMORAÇÃO AO BICENTENÁRIO DA IMIGRAÇÃO ALEMÃ

<!-- WP Attachments -->
        <div style="width:100%;margin:10px 0 10px 0;">
            <h3>Anexos</h3>
        <ul class="post-attachments"><li class="post-attachment mime-application-pdf"><a href="https://www.amigbrasil.org.br/wp-content/uploads/2024/01/GRUPO-SINOS-APRESENTA-PROJETOS-EM-COMEMORACAO-AO-BICENTENARIO-DA-IMIGRACAO-ALEMA.pdf">GRUPO SINOS APRESENTA PROJETOS EM COMEMORAÇÃO AO BICENTENÁRIO DA IMIGRAÇÃO ALEMÃ</a> <small>(225 kB)</small></li></ul></div>

<p>Anexos GRUPO SINOS APRESENTA PROJETOS EM COMEMORAÇÃO AO BICENTENÁRIO DA IMIGRAÇÃO ALEMÃ (225 kB)</p>
