{"id":6096,"date":"2024-07-18T23:18:22","date_gmt":"2024-07-18T23:18:22","guid":{"rendered":"https:\/\/www.amigbrasil.org.br\/?post_type=tribe_events&#038;p=6096"},"modified":"2024-07-18T23:25:30","modified_gmt":"2024-07-18T23:25:30","slug":"homenagem-da-comunidade-cultural-alema-de-curitiba-ao-bicenario-da-imigracao-alema-no-brasil-1824-2024","status":"publish","type":"tribe_events","link":"https:\/\/www.amigbrasil.org.br\/de_DE\/event\/homenagem-da-comunidade-cultural-alema-de-curitiba-ao-bicenario-da-imigracao-alema-no-brasil-1824-2024\/","title":{"rendered":"HOMENAGEM DA COMUNIDADE CULTURAL ALEM\u00c3 DE CURITIBA AO BICEN\u00c1RIO DA IMIGRA\u00c7\u00c3O ALEM\u00c3 NO BRASIL 1824-2024."},"content":{"rendered":"<p><img loading=\"lazy\" class=\"alignnone size-medium wp-image-6098\" src=\"https:\/\/www.amigbrasil.org.br\/wp-content\/uploads\/2024\/07\/WhatsApp-Image-2024-07-18-at-14.47.35-300x300.jpeg\" alt=\"\" width=\"300\" height=\"300\" srcset=\"https:\/\/www.amigbrasil.org.br\/wp-content\/uploads\/2024\/07\/WhatsApp-Image-2024-07-18-at-14.47.35-300x300.jpeg 300w, https:\/\/www.amigbrasil.org.br\/wp-content\/uploads\/2024\/07\/WhatsApp-Image-2024-07-18-at-14.47.35-1024x1024.jpeg 1024w, https:\/\/www.amigbrasil.org.br\/wp-content\/uploads\/2024\/07\/WhatsApp-Image-2024-07-18-at-14.47.35-150x150.jpeg 150w, https:\/\/www.amigbrasil.org.br\/wp-content\/uploads\/2024\/07\/WhatsApp-Image-2024-07-18-at-14.47.35-768x768.jpeg 768w, https:\/\/www.amigbrasil.org.br\/wp-content\/uploads\/2024\/07\/WhatsApp-Image-2024-07-18-at-14.47.35-1536x1536.jpeg 1536w, https:\/\/www.amigbrasil.org.br\/wp-content\/uploads\/2024\/07\/WhatsApp-Image-2024-07-18-at-14.47.35-2048x2048.jpeg 2048w, https:\/\/www.amigbrasil.org.br\/wp-content\/uploads\/2024\/07\/WhatsApp-Image-2024-07-18-at-14.47.35-146x146.jpeg 146w, https:\/\/www.amigbrasil.org.br\/wp-content\/uploads\/2024\/07\/WhatsApp-Image-2024-07-18-at-14.47.35-50x50.jpeg 50w, https:\/\/www.amigbrasil.org.br\/wp-content\/uploads\/2024\/07\/WhatsApp-Image-2024-07-18-at-14.47.35-75x75.jpeg 75w, https:\/\/www.amigbrasil.org.br\/wp-content\/uploads\/2024\/07\/WhatsApp-Image-2024-07-18-at-14.47.35-85x85.jpeg 85w, https:\/\/www.amigbrasil.org.br\/wp-content\/uploads\/2024\/07\/WhatsApp-Image-2024-07-18-at-14.47.35-80x80.jpeg 80w\" sizes=\"(max-width: 300px) 100vw, 300px\" \/><img loading=\"lazy\" class=\"alignnone size-medium wp-image-6097\" src=\"https:\/\/www.amigbrasil.org.br\/wp-content\/uploads\/2024\/07\/WhatsApp-Image-2024-07-18-at-14.47.35-1-300x300.jpeg\" alt=\"\" width=\"300\" height=\"300\" srcset=\"https:\/\/www.amigbrasil.org.br\/wp-content\/uploads\/2024\/07\/WhatsApp-Image-2024-07-18-at-14.47.35-1-300x300.jpeg 300w, https:\/\/www.amigbrasil.org.br\/wp-content\/uploads\/2024\/07\/WhatsApp-Image-2024-07-18-at-14.47.35-1-1024x1024.jpeg 1024w, https:\/\/www.amigbrasil.org.br\/wp-content\/uploads\/2024\/07\/WhatsApp-Image-2024-07-18-at-14.47.35-1-150x150.jpeg 150w, https:\/\/www.amigbrasil.org.br\/wp-content\/uploads\/2024\/07\/WhatsApp-Image-2024-07-18-at-14.47.35-1-768x768.jpeg 768w, https:\/\/www.amigbrasil.org.br\/wp-content\/uploads\/2024\/07\/WhatsApp-Image-2024-07-18-at-14.47.35-1-1536x1536.jpeg 1536w, https:\/\/www.amigbrasil.org.br\/wp-content\/uploads\/2024\/07\/WhatsApp-Image-2024-07-18-at-14.47.35-1-2048x2048.jpeg 2048w, https:\/\/www.amigbrasil.org.br\/wp-content\/uploads\/2024\/07\/WhatsApp-Image-2024-07-18-at-14.47.35-1-146x146.jpeg 146w, https:\/\/www.amigbrasil.org.br\/wp-content\/uploads\/2024\/07\/WhatsApp-Image-2024-07-18-at-14.47.35-1-50x50.jpeg 50w, https:\/\/www.amigbrasil.org.br\/wp-content\/uploads\/2024\/07\/WhatsApp-Image-2024-07-18-at-14.47.35-1-75x75.jpeg 75w, https:\/\/www.amigbrasil.org.br\/wp-content\/uploads\/2024\/07\/WhatsApp-Image-2024-07-18-at-14.47.35-1-85x85.jpeg 85w, https:\/\/www.amigbrasil.org.br\/wp-content\/uploads\/2024\/07\/WhatsApp-Image-2024-07-18-at-14.47.35-1-80x80.jpeg 80w\" sizes=\"(max-width: 300px) 100vw, 300px\" \/>\u00a0\u00a0<img loading=\"lazy\" class=\"alignnone size-medium wp-image-6100\" src=\"https:\/\/www.amigbrasil.org.br\/wp-content\/uploads\/2024\/07\/WhatsApp-Image-2024-07-18-at-14.47.36-300x300.jpeg\" alt=\"\" width=\"300\" height=\"300\" srcset=\"https:\/\/www.amigbrasil.org.br\/wp-content\/uploads\/2024\/07\/WhatsApp-Image-2024-07-18-at-14.47.36-300x300.jpeg 300w, https:\/\/www.amigbrasil.org.br\/wp-content\/uploads\/2024\/07\/WhatsApp-Image-2024-07-18-at-14.47.36-1024x1024.jpeg 1024w, https:\/\/www.amigbrasil.org.br\/wp-content\/uploads\/2024\/07\/WhatsApp-Image-2024-07-18-at-14.47.36-150x150.jpeg 150w, https:\/\/www.amigbrasil.org.br\/wp-content\/uploads\/2024\/07\/WhatsApp-Image-2024-07-18-at-14.47.36-768x768.jpeg 768w, https:\/\/www.amigbrasil.org.br\/wp-content\/uploads\/2024\/07\/WhatsApp-Image-2024-07-18-at-14.47.36-1536x1536.jpeg 1536w, https:\/\/www.amigbrasil.org.br\/wp-content\/uploads\/2024\/07\/WhatsApp-Image-2024-07-18-at-14.47.36-2048x2048.jpeg 2048w, https:\/\/www.amigbrasil.org.br\/wp-content\/uploads\/2024\/07\/WhatsApp-Image-2024-07-18-at-14.47.36-146x146.jpeg 146w, https:\/\/www.amigbrasil.org.br\/wp-content\/uploads\/2024\/07\/WhatsApp-Image-2024-07-18-at-14.47.36-50x50.jpeg 50w, https:\/\/www.amigbrasil.org.br\/wp-content\/uploads\/2024\/07\/WhatsApp-Image-2024-07-18-at-14.47.36-75x75.jpeg 75w, https:\/\/www.amigbrasil.org.br\/wp-content\/uploads\/2024\/07\/WhatsApp-Image-2024-07-18-at-14.47.36-85x85.jpeg 85w, https:\/\/www.amigbrasil.org.br\/wp-content\/uploads\/2024\/07\/WhatsApp-Image-2024-07-18-at-14.47.36-80x80.jpeg 80w\" sizes=\"(max-width: 300px) 100vw, 300px\" \/><img loading=\"lazy\" class=\"alignnone size-medium wp-image-6099\" src=\"https:\/\/www.amigbrasil.org.br\/wp-content\/uploads\/2024\/07\/WhatsApp-Image-2024-07-18-at-14.47.36-1-300x300.jpeg\" alt=\"\" width=\"300\" height=\"300\" srcset=\"https:\/\/www.amigbrasil.org.br\/wp-content\/uploads\/2024\/07\/WhatsApp-Image-2024-07-18-at-14.47.36-1-300x300.jpeg 300w, https:\/\/www.amigbrasil.org.br\/wp-content\/uploads\/2024\/07\/WhatsApp-Image-2024-07-18-at-14.47.36-1-1024x1024.jpeg 1024w, https:\/\/www.amigbrasil.org.br\/wp-content\/uploads\/2024\/07\/WhatsApp-Image-2024-07-18-at-14.47.36-1-150x150.jpeg 150w, https:\/\/www.amigbrasil.org.br\/wp-content\/uploads\/2024\/07\/WhatsApp-Image-2024-07-18-at-14.47.36-1-768x768.jpeg 768w, https:\/\/www.amigbrasil.org.br\/wp-content\/uploads\/2024\/07\/WhatsApp-Image-2024-07-18-at-14.47.36-1-1536x1536.jpeg 1536w, https:\/\/www.amigbrasil.org.br\/wp-content\/uploads\/2024\/07\/WhatsApp-Image-2024-07-18-at-14.47.36-1-2048x2048.jpeg 2048w, https:\/\/www.amigbrasil.org.br\/wp-content\/uploads\/2024\/07\/WhatsApp-Image-2024-07-18-at-14.47.36-1-146x146.jpeg 146w, https:\/\/www.amigbrasil.org.br\/wp-content\/uploads\/2024\/07\/WhatsApp-Image-2024-07-18-at-14.47.36-1-50x50.jpeg 50w, https:\/\/www.amigbrasil.org.br\/wp-content\/uploads\/2024\/07\/WhatsApp-Image-2024-07-18-at-14.47.36-1-75x75.jpeg 75w, https:\/\/www.amigbrasil.org.br\/wp-content\/uploads\/2024\/07\/WhatsApp-Image-2024-07-18-at-14.47.36-1-85x85.jpeg 85w, https:\/\/www.amigbrasil.org.br\/wp-content\/uploads\/2024\/07\/WhatsApp-Image-2024-07-18-at-14.47.36-1-80x80.jpeg 80w\" sizes=\"(max-width: 300px) 100vw, 300px\" \/><\/p>\n","protected":false},"excerpt":{"rendered":"<p>\u00a0\u00a0<\/p>\n","protected":false},"author":1,"featured_media":6098,"comment_status":"open","ping_status":"closed","template":"","meta":[],"tags":[],"tribe_events_cat":[],"_links":{"self":[{"href":"https:\/\/www.amigbrasil.org.br\/de_DE\/wp-json\/wp\/v2\/tribe_events\/6096"}],"collection":[{"href":"https:\/\/www.amigbrasil.org.br\/de_DE\/wp-json\/wp\/v2\/tribe_events"}],"about":[{"href":"https:\/\/www.amigbrasil.org.br\/de_DE\/wp-json\/wp\/v2\/types\/tribe_events"}],"author":[{"embeddable":true,"href":"https:\/\/www.amigbrasil.org.br\/de_DE\/wp-json\/wp\/v2\/users\/1"}],"replies":[{"embeddable":true,"href":"https:\/\/www.amigbrasil.org.br\/de_DE\/wp-json\/wp\/v2\/comments?post=6096"}],"version-history":[{"count":2,"href":"https:\/\/www.amigbrasil.org.br\/de_DE\/wp-json\/wp\/v2\/tribe_events\/6096\/revisions"}],"predecessor-version":[{"id":6102,"href":"https:\/\/www.amigbrasil.org.br\/de_DE\/wp-json\/wp\/v2\/tribe_events\/6096\/revisions\/6102"}],"wp:featuredmedia":[{"embeddable":true,"href":"https:\/\/www.amigbrasil.org.br\/de_DE\/wp-json\/wp\/v2\/media\/6098"}],"wp:attachment":[{"href":"https:\/\/www.amigbrasil.org.br\/de_DE\/wp-json\/wp\/v2\/media?parent=6096"}],"wp:term":[{"taxonomy":"post_tag","embeddable":true,"href":"https:\/\/www.amigbrasil.org.br\/de_DE\/wp-json\/wp\/v2\/tags?post=6096"},{"taxonomy":"tribe_events_cat","embeddable":true,"href":"https:\/\/www.amigbrasil.org.br\/de_DE\/wp-json\/wp\/v2\/tribe_events_cat?post=6096"}],"curies":[{"name":"wp","href":"https:\/\/api.w.org\/{rel}","templated":true}]}}

HOMENAGEM DA COMUNIDADE CULTURAL ALEMÃ DE CURITIBA AO BICENÁRIO DA IMIGRAÇÃO ALEMÃ NO BRASIL 1824-2024.
