{"id":6133,"date":"2025-07-18T21:15:47","date_gmt":"2025-07-18T21:15:47","guid":{"rendered":"https:\/\/www.amigbrasil.org.br\/?post_type=tribe_events&#038;p=6133"},"modified":"2025-07-18T21:39:29","modified_gmt":"2025-07-18T21:39:29","slug":"celebracao-da-imagracao-aema-em-curitiba-201-anos-da-imigracao-no-brasil","status":"publish","type":"tribe_events","link":"https:\/\/www.amigbrasil.org.br\/de_DE\/event\/celebracao-da-imagracao-aema-em-curitiba-201-anos-da-imigracao-no-brasil\/","title":{"rendered":"Celebra\u00e7\u00e3o da Imagra\u00e7\u00e3o Alem\u00e3 em Curitiba 201 Anos da Imigra\u00e7\u00e3o no Brasil"},"content":{"rendered":"<p>Celebra\u00e7\u00e3o da Imagra\u00e7\u00e3o Alem\u00e3 em Curitiba<br \/>\n201 Anos da Imigra\u00e7\u00e3o no Brasil<\/p>\n<p>&nbsp;<\/p>\n","protected":false},"excerpt":{"rendered":"<p>Celebra\u00e7\u00e3o da Imagra\u00e7\u00e3o Alem\u00e3 em Curitiba 201 Anos da Imigra\u00e7\u00e3o no Brasil &nbsp;<\/p>\n","protected":false},"author":1,"featured_media":0,"comment_status":"open","ping_status":"closed","template":"","meta":[],"tags":[],"tribe_events_cat":[],"_links":{"self":[{"href":"https:\/\/www.amigbrasil.org.br\/de_DE\/wp-json\/wp\/v2\/tribe_events\/6133"}],"collection":[{"href":"https:\/\/www.amigbrasil.org.br\/de_DE\/wp-json\/wp\/v2\/tribe_events"}],"about":[{"href":"https:\/\/www.amigbrasil.org.br\/de_DE\/wp-json\/wp\/v2\/types\/tribe_events"}],"author":[{"embeddable":true,"href":"https:\/\/www.amigbrasil.org.br\/de_DE\/wp-json\/wp\/v2\/users\/1"}],"replies":[{"embeddable":true,"href":"https:\/\/www.amigbrasil.org.br\/de_DE\/wp-json\/wp\/v2\/comments?post=6133"}],"version-history":[{"count":3,"href":"https:\/\/www.amigbrasil.org.br\/de_DE\/wp-json\/wp\/v2\/tribe_events\/6133\/revisions"}],"predecessor-version":[{"id":6151,"href":"https:\/\/www.amigbrasil.org.br\/de_DE\/wp-json\/wp\/v2\/tribe_events\/6133\/revisions\/6151"}],"wp:attachment":[{"href":"https:\/\/www.amigbrasil.org.br\/de_DE\/wp-json\/wp\/v2\/media?parent=6133"}],"wp:term":[{"taxonomy":"post_tag","embeddable":true,"href":"https:\/\/www.amigbrasil.org.br\/de_DE\/wp-json\/wp\/v2\/tags?post=6133"},{"taxonomy":"tribe_events_cat","embeddable":true,"href":"https:\/\/www.amigbrasil.org.br\/de_DE\/wp-json\/wp\/v2\/tribe_events_cat?post=6133"}],"curies":[{"name":"wp","href":"https:\/\/api.w.org\/{rel}","templated":true}]}}

Celebração da Imagração Alemã em Curitiba 201 Anos da Imigração no Brasil

<p>Celebração da Imagração Alemã em Curitiba<br />
201 Anos da Imigração no Brasil</p>
<p>&nbsp;</p>

<p>Celebração da Imagração Alemã em Curitiba 201 Anos da Imigração no Brasil &nbsp;</p>
